2) to base 3.
1
Convert -48 (base 9) to base 12.
-38
31 (base 8) to base 11
23
0 (base 11) to base 12
0
Convert 1 (base 3) to base 9.
1
0 (base 7) to base 10
0
Convert -23 (base 7) to base 11.
-16
Convert 32 (base 15) to base 4.
233
-2 (base 5) to base 2
-10
What is -5 (base 14) in base 16?
-5
Convert 2 (base 9) to base 15.
2
Convert -27 (base 9) to base 3.
-221
What is 8 (base 13) in base 12?
8
Convert 0 (base 2) to base 13.
0
What is -4 (base 6) in base 4?
-10
What is -129 (base 11) in base 13?
-b9
Convert -3 (base 5) to base 7.
-3
What is -15a (base 13) in base 6?
-1044
What is 102 (base 3) in base 14?
b
Convert -36 (base 8) to base 9.
-33
Convert 2 (base 8) to base 9.
2
What is 24 (base 14) in base 3?
1012
What is -1 (base 10) in base 11?
-1
1 (base 10) to base 8
1
10 (base 2) to base 3
2
-9b (base 14) to base 4
-2021
Convert -172 (base 8) to base 12.
-a2
What is -1010 (base 2) in base 16?
-a
What is -6a (base 12) in base 16?
-52
8 (base 13) to base 16
8
What is -9 (base 13) in base 8?
-11
What is 20 (base 3) in base 15?
6
Convert -22 (base 14) to base 10.
-30
Convert 100 (base 2) to base 12.
4
-7a (base 14) to base 2
-1101100
0 (base 9) to base 13
0
Convert 33 (base 12) to base 13.
30
-79 (base 11) to base 13
-68
What is 2012 (base 4) in base 16?
86
20 (base 6) to base 14
c
What is 62 (base 13) in base 7?
143
What is 1b (base 15) in base 4?
122
Convert 3 (base 6) to base 4.
3
-14 (base 15) to base 4
-103
-102201 (base 3) to base 9
-381
What is d0 (base 16) in base 4?
3100
Convert 6c (base 14) to base 12.
80
70 (base 9) to base 7
120
Convert -3 (base 12) to base 9.
-3
-21 (base 7) to base 5
-30
What is -1001000 (base 2) in base 10?
-72
210 (base 3) to base 6
33
What is c (base 15) in base 9?
13
What is 102 (base 4) in base 15?
13
-3 (base 9) to base 12
-3
40 (base 5) to base 9
22
What is -27 (base 13) in base 3?
-1020
-40 (base 12) to base 2
-110000
Convert 7 (base 10) to base 16.
7
What is -b6 (base 13) in base 2?
-10010101
What is 52 (base 6) in base 14?
24
4 (base 7) to base 15
4
-101 (base 3) to base 13
-a
-11 (base 6) to base 12
-7
-22 (base 5) to base 16
-c
204 (base 5) to base 13
42
What is 23 (base 4) in base 10?
11
-6 (base 8) to base 10
-6
-1 (base 9) to base 2
-1
7 (base 11) to base 4
13
Convert -3 (base 16) to base 3.
-10
10 (base 14) to base 5
24
What is 9 (base 12) in base 16?
9
Convert -22 (base 14) to base 9.
-33
What is -1 (base 11) in base 6?
-1
355 (base 6) to base 13
b0
Convert 10101 (base 2) to base 7.
30
Convert -20 (base 10) to base 12.
-18
-1 (base 3) to base 7
-1
What is -4 (base 6) in base 14?
-4
What is -f5 (base 16) in base 15?
-115
What is 25 (base 7) in base 12?
17
What is -114 (base 7) in base 2?
-111100
Convert -1 (base 13) to base 11.
-1
What is -3 (base 12) in base 13?
-3
Convert 0 (base 13) to base 3.
0
What is 0 (base 16) in base 11?
0
What is 0 (base 14) in base 16?
0
Convert 253 (base 9) to base 11.
181
-3a (base 11) to base 2
-101011
Convert -63 (base 10) to base 8.
-77
15 (base 7) to base 14
c
What is 3 (base 7) in base 9?
3
What is 11 (base 6) in base 5?
12
-2 (base 8) to base 9
-2
What is 7 (base 9) in base 10?
7
What is 3 (base 6) in base 12?
3
Convert -34 (base 6) to base 15.
-17
Convert 0 (base 16) to base 13.
0
What is -17 (base 14) in base 5?
-41
What is 3 (base 4) in base 8?
3
Convert 110 (base 4) to base 12.
18
What is -3 (base 4) in base 16?
-3
-1000100 (base 2) to base 7
-125
What is -1001 (base 2) in base 7?
-12
-100011 (base 3) to base 13
-160
What is -2 (base 7) in base 8?
-2
134 (base 5) to base 15
2e
What is 3 (base 6) in base 9?
3
What is 0 (base 9) in base 16?
0
Convert 12 (base 9) to base 4.
23
Convert 21 (base 6) to base 12.
11
What is -10022 (base 3) in base 5?
-324
What is -36 (base 13) in base 7?
-63
-18 (base 10) to base 13
-15
-c (base 14) to base 9
-13
Convert -12 (base 15) to base 13.
-14
1 (base 14) to base 15
1
3 (base 4) to base 11
3
-5 (base 7) to base 4
-11
150 (base 9) to base 7
240
Convert 3a (base 12) to base 15.
31
1 (base 10) to base 5
1
What is -d (base 16) in base 11?
-12
0 (base 6) to base 10
0
What is -11 (base 2) in base 8?
-3
What is 401 (base 6) in base 12?
101
11 (base 5) to base 16
6
Convert 10 (base 10) to base 16.
a
Convert -141 (base 6) to base 5.
-221
200 (base 4) to base 10
32
1 (base 10) to base 13
1
Convert -6 (base 8) to base 4.
-12
233 (base 5) to base 15
48
What is 33 (base 16) in base 8?
63
Convert 20 (base 3) to base 13.
6
14 (base 5) to base 8
11
-20 (base 10) to base 5
-40
Convert -2a (base 13) to base 7.
-51
34 (base 10) to base 11
31
-4 (base 14) to base 9
-4
-123 (base 4) to base 9
-30
Convert 101 (base 12) to base 11.
122
What is -1 (base 15) in base 5?
-1
Convert -140 (base 5) to base 7.
-63
What is -1 (base 5) in base 7?
-1
4 (base 9) to base 3
11
114 (base 10) to base 3
11020
What is -1201 (base 3) in base 10?
-46
Convert 325 (base 7) to base 2.
10100110
What is d (base 15) in base 8?
15
Convert -15 (base 8) to base 15.
-d
Convert -18 (base 13) to base 6.
-33
Convert 3 (base 13) to base 10.
3
Convert 1 (base 15) to base 10.
1
175 (base 13) to base 3
100211
What is -2 (base 13) in base 12?
-2
What is -52 (base 10) in base 13?
-40
Convert -2 (base 15) to base 16.
-2
-11 (base 2) to base 5
-3
18 (base 11) to base 16
13
What is -1 (base 2) in base 15?
-1
3 (base 11) to base 4
3
Convert 1020 (base 4) to base 3.
2200
Convert -21 (base 4) to base 16.
-9
What is 182 (base 10) in base 14?
d0
What is 2 (base 4) in base 9?
2
Convert 16 (base 14) to base 8.
24
Convert -124 (base 5) to base 4.
-213
Convert 401 (base 5) to base 12.
85
What is 1002 (base 4) in base 5?
231
-123 (base 5) to base 16
-26
What is -ac (base 16) in base 3?
-20101
Convert 26 (base 8) to base 13.
19
What is 2221 (base 3) in base 8?
117
-11101 (base 2) to base 9
-32
What is -10 (base 2) in base 12?
-2
2 (base 5) to base 3
2
What is -c (base 13) in base 4?
-30
Convert d (base 14) to base 15.
d
Convert 17 (base 15) to base 13.
19
What is 1 (base 4) in base 13?
1
What is 27 (base 12) in base 15?
21
What is -34 (base 8) in base 6?
-44
What is 10 (base 7) in base 11?
7
What is 1323 (base 6) in base 4?
11103
What is -2 (base 12) in base 16?
-2
-455 (base 7) to base 6
-1032
-1100 (base 2) to base 7
-15
Convert 1 (base 16) to base 11.
1
Convert -38 (base 10) to base 7.
-53
What is 6b (base 14) in base 13?
74
What is 4 (base 13) in base 9?
4
Convert -24 (base 13) to base 6.
-50
Convert -110 (base 2) to base 5.
-11
132 (base 5) to base 13
33
What is 147 (base 11) in base 14?
c4
32 (base 7) to base 15
18
What is 3 (base 5) in base 8?
3
What is -12 (base 4) in base 7?
-6
What is -22 (base 15) in base 10?
-32
Convert -2 (base 10) to base 3.
-2
Convert 11 (base 5) to base 3.
20
1113 (base 4) to base 14
63
-e (base 16) to base 10
-14
212 (base 3) to base 4
113
Convert 41 (base 10) to base 7.
56
1 (base 11) to base 13
1
-2 (base 11) to base 10
-2
27 (base 8) to base 14
19
100 (base 2) to base 14
4
What is -10 (base 10) in base 2?
-1010
7e (base 15) to base 11
a9
What is 0 (base 14) in base 11?
0
Convert -121 (base 3) to base 4.
-100
Convert -3 (base 11) to base 4.
-3
1 (base 11) to base 15
1
What is -4 (base 11) in base 16?
-4
Convert 12 (base 6) to base 12.
8
Convert 97 (base 12) to base 13.
8b
What is 150 (base 7) in base 9?
103
Convert 1 (base 10) to base 5.
1
-1 (base 14) to base 7
-1
2 (base 13) to base 8
2
423 (base 8) to base 2
100010011
13 (base 16) to base 13
16
Convert 7 (base 12) to base 11.
7
Convert 1 (base 9) to base 13.
1
Convert 70 (base 12) to base 9.
103
Convert 11 (base 3) to base 5.
4
What is -21 (base 4) in base 15?
-9
13 (base 11) to base 6
22
What is 1e (base 15) in base 13?
23
What is 74 (base 14) in base 9?
123
Convert 211 (base 3) to base 12.
1a
Convert 2 (base 5) to base 4.
2
Convert -1110100 (base 2) to base 13.
-8c
-1010 (base 4) to base 3
-2112
Convert 3 (base 5) to base 7.
3
What is 6 (base 11) in base 13?
6
Convert 56 (base 9) to base 2.
110011
Convert 114 (base 5) to base 7.
46
51 (base 6) to base 7
43
-336 (base 7) to base 8
-256
-4 (base 13) to base 16
-4
-6 (base 16) to base 14
-6
What is 5 (base 6) in base 16?
5
What is 1 (base 7) in base 16?
1
Convert 0 (base 15) to base 12.
0
1 (base 6) to base 11
1
What is -10110 (base 2) in base 10?
-22
Convert -